3654.
126
What is the highest common factor of 780 and 749307?
39
What is the greatest common divisor of 19 and 494627?
19
What is the highest common divisor of 37 and 1122839?
37
Calculate the highest common divisor of 88849 and 368.
23
Calculate the greatest common divisor of 352 and 10432.
32
Calculate the highest common factor of 23 and 88320.
23
What is the greatest common divisor of 352 and 6809?
11
Calculate the greatest common factor of 132111 and 243.
81
What is the greatest common divisor of 1060686 and 72?
18
Calculate the highest common divisor of 174869 and 207.
23
What is the greatest common factor of 2389295 and 215?
215
Calculate the greatest common factor of 93 and 128154.
93
What is the highest common factor of 105 and 60445?
35
What is the greatest common divisor of 111 and 1147?
37
Calculate the highest common factor of 243 and 7093170.
243
Calculate the highest common divisor of 212 and 294362.
106
What is the greatest common divisor of 68255 and 42194?
1241
What is the highest common factor of 1912 and 11233?
239
What is the greatest common factor of 23771 and 352?
11
What is the highest common divisor of 4578 and 157458?
42
What is the greatest common factor of 82 and 554279?
41
Calculate the highest common factor of 34880 and 2560.
320
Calculate the greatest common divisor of 173246 and 412.
206
What is the highest common factor of 380928 and 558?
186
What is the greatest common divisor of 391 and 3043?
17
What is the highest common factor of 22 and 40183?
11
Calculate the highest common divisor of 4751 and 3.
1
Calculate the highest common factor of 1007 and 1216.
19
What is the greatest common factor of 2328 and 1152?
24
What is the greatest common divisor of 475 and 125?
25
Calculate the greatest common factor of 36087 and 23.
23
What is the highest common factor of 304 and 811072?
304
Calculate the highest common divisor of 13099 and 6.
1
Calculate the highest common factor of 17 and 991457.
17
Calculate the highest common divisor of 33 and 154341.
33
Calculate the highest common factor of 1336 and 113144.
8
What is the greatest common divisor of 366927 and 231?
33
Calculate the highest common factor of 26 and 104026.
26
Calculate the greatest common factor of 1480 and 4520.
40
Calculate the greatest common divisor of 198 and 1625118.
66
Calculate the greatest common factor of 7783 and 430.
43
What is the greatest common factor of 1792 and 2336?
32
What is the highest common divisor of 291984 and 1408?
176
What is the highest common divisor of 17574 and 12?
6
What is the greatest common divisor of 2210 and 890?
10
Calculate the highest common factor of 1095 and 285.
15
What is the highest common divisor of 1281654 and 88?
22
What is the highest common divisor of 233583 and 24516?
681
Calculate the greatest common factor of 59410 and 130.
130
Calculate the highest common divisor of 284 and 326174.
142
What is the highest common divisor of 4 and 24950?
2
Calculate the greatest common factor of 117 and 32903.
13
What is the greatest common divisor of 21084 and 216?
12
What is the highest common divisor of 42 and 132531?
21
What is the greatest common divisor of 3331819 and 1229?
1229
What is the greatest common factor of 429 and 8346?
39
Calculate the greatest common divisor of 78592 and 4298.
614
What is the highest common divisor of 12 and 1572380?
4
Calculate the greatest common divisor of 609 and 1381647.
87
Calculate the greatest common factor of 13664 and 52.
4
Calculate the highest common factor of 76160 and 14.
14
What is the greatest common factor of 146745 and 270?
135
What is the greatest common factor of 75 and 115503?
3
What is the greatest common divisor of 296 and 20728?
8
What is the greatest common factor of 726654 and 12714?
978
What is the greatest common divisor of 10553 and 1038?
173
What is the greatest common divisor of 13524 and 1449?
483
What is the greatest common divisor of 34 and 91562?
34
Calculate the greatest common divisor of 15 and 3549945.
15
Calculate the greatest common divisor of 7730 and 50.
10
What is the highest common divisor of 209532 and 228?
228
Calculate the highest common factor of 360 and 41840.
40
Calculate the greatest common factor of 17784 and 1.
1
Calculate the highest common divisor of 274120 and 560.
280
Calculate the greatest common divisor of 25 and 254200.
25
Calculate the greatest common factor of 1235655 and 678.
339
Calculate the highest common divisor of 3878615 and 65.
65
Calculate the highest common divisor of 410 and 226320.
410
Calculate the highest common divisor of 636016 and 1778.
254
What is the highest common factor of 868 and 456134?
434
Calculate the greatest common divisor of 13688 and 1416.
472
Calculate the highest common divisor of 160 and 370.
10
Calculate the highest common divisor of 1788 and 11340.
12
What is the greatest common divisor of 40 and 8820?
20
What is the highest common divisor of 3322 and 151?
151
Calculate the greatest common divisor of 325 and 8775.
325
Calculate the highest common divisor of 68 and 76.
4
What is the greatest common divisor of 133516 and 580?
116
Calculate the highest common factor of 43379 and 14.
7
Calculate the greatest common divisor of 25 and 452425.
25
Calculate the greatest common factor of 13754 and 1564.
46
Calculate the greatest common divisor of 6918 and 24.
6
Calculate the greatest common divisor of 25456 and 13912.
296
What is the highest common divisor of 302 and 70?
2
Calculate the highest common factor of 65 and 5109455.
65
What is the greatest common factor of 5616 and 41808?
624
Calculate the highest common divisor of 35 and 2376899.
7
Calculate the highest common factor of 308 and 184156.
28
Calculate the greatest common divisor of 297 and 138204.
99
Calculate the greatest common factor of 705 and 10633515.
705
What is the highest common divisor of 8488 and 14?
2
What is the greatest common divisor of 817 and 65227?
19
Calculate the highest common factor of 965 and 81.
1
Calculate the highest common divisor of 17850 and 810.
30
What is the highest common factor of 48 and 177?
3
What is the highest common divisor of 1106 and 1870799?
553
Calculate the highest common factor of 2025 and 1944.
81
Calculate the greatest common divisor of 168214 and 302.
302
What is the highest common factor of 41 and 730005?
41
Calculate the greatest common divisor of 2108 and 80414.
62
Calculate the highest common divisor of 12508 and 1180.
236
What is the greatest common divisor of 34 and 6172037?
17
Calculate the highest common factor of 578 and 7004782.
578
Calculate the greatest common factor of 5712 and 30576.
336
Calculate the greatest common divisor of 1712038 and 1208.
302
Calculate the greatest common factor of 215354 and 232.
58
What is the greatest common factor of 793287 and 594?
297
Calculate the greatest common factor of 61056 and 795.
159
What is the highest common divisor of 535662 and 198?
18
Calculate the highest common factor of 76872 and 48.
24
What is the highest common factor of 3195 and 41355?
45
Calculate the highest common divisor of 15 and 959655.
15
Calculate the greatest common factor of 47256 and 204.
12
What is the highest common factor of 24997 and 49?
7
Calculate the highest common factor of 10940 and 1990.
10
Calculate the greatest common divisor of 65 and 58760.
65
Calculate the greatest common factor of 6032 and 637.
13
What is the greatest common factor of 88 and 45562?
22
Calculate the greatest common divisor of 2235 and 11865.
15
Calculate the greatest common divisor of 233 and 3650178.
233
What is the greatest common divisor of 968 and 504?
8
What is the highest common divisor of 88844 and 190?
38
What is the greatest common divisor of 36 and 664488?
36
Calculate the greatest common divisor of 18550 and 1610.
70
What is the greatest common divisor of 161931 and 6468?
231
Calculate the greatest common divisor of 3672214 and 78.
26
What is the greatest common factor of 601679 and 1493?
1493
Calculate the highest common divisor of 58 and 73863.
29
What is the greatest common divisor of 96 and 726696?
24
Calculate the highest common divisor of 8 and 194792.
8
Calculate the greatest common divisor of 83675 and 75.
25
What is the highest common factor of 30 and 136446?
6
Wh